se 12.
2
What is -21 (base 4) in base 8?
-11
Convert 6 (base 16) to base 6.
10
Convert 12 (base 5) to base 15.
7
2 (base 13) to base 16
2
Convert -63 (base 9) to base 11.
-52
What is 5 (base 13) in base 12?
5
-11100 (base 2) to base 12
-24
What is -b (base 12) in base 16?
-b
What is -3 (base 12) in base 3?
-10
What is -71 (base 9) in base 13?
-4c
-28 (base 10) to base 11
-26
50 (base 13) to base 3
2102
What is -5 (base 12) in base 4?
-11
What is 31 (base 4) in base 10?
13
Convert 19 (base 16) to base 6.
41
Convert -223 (base 7) to base 8.
-163
-2 (base 13) to base 10
-2
What is -1 (base 7) in base 3?
-1
What is 326 (base 7) in base 16?
a7
What is -5 (base 10) in base 4?
-11
What is -8 (base 13) in base 8?
-10
Convert 20 (base 15) to base 16.
1e
c1 (base 13) to base 6
421
Convert 222 (base 3) to base 13.
20
-16 (base 15) to base 2
-10101
Convert 0 (base 2) to base 7.
0
Convert -5 (base 9) to base 13.
-5
Convert -214 (base 5) to base 2.
-111011
What is 216 (base 10) in base 2?
11011000
0 (base 8) to base 10
0
What is -31 (base 11) in base 3?
-1021
What is -201 (base 3) in base 12?
-17
150 (base 9) to base 8
176
Convert -3 (base 13) to base 10.
-3
Convert -10200 (base 3) to base 6.
-243
Convert -441 (base 6) to base 12.
-121
330 (base 10) to base 15
170
What is 1033 (base 4) in base 12?
67
-1 (base 4) to base 10
-1
What is -60 (base 13) in base 15?
-53
What is -1a (base 12) in base 14?
-18
-1 (base 13) to base 7
-1
-4 (base 12) to base 9
-4
What is -63 (base 7) in base 15?
-30
What is -55 (base 7) in base 15?
-2a
Convert -52 (base 11) to base 5.
-212
Convert -143 (base 5) to base 10.
-48
What is 4d (base 16) in base 2?
1001101
What is 10 (base 4) in base 13?
4
-4 (base 15) to base 16
-4
-155 (base 9) to base 14
-95
What is -2330 (base 4) in base 8?
-274
What is -30 (base 7) in base 10?
-21
What is -11 (base 3) in base 15?
-4
Convert -11 (base 5) to base 10.
-6
What is -c (base 14) in base 4?
-30
What is 1 (base 6) in base 13?
1
Convert -11 (base 7) to base 15.
-8
What is 20 (base 3) in base 8?
6
What is -b (base 15) in base 6?
-15
-11 (base 12) to base 9
-14
1a (base 16) to base 7
35
-110000 (base 2) to base 4
-300
Convert -310 (base 8) to base 10.
-200
What is -411 (base 7) in base 14?
-108
Convert -3 (base 5) to base 12.
-3
12 (base 5) to base 12
7
Convert 3 (base 8) to base 14.
3
What is 2 (base 3) in base 16?
2
What is 2 (base 3) in base 7?
2
140 (base 7) to base 8
115
Convert -3 (base 8) to base 4.
-3
Convert -4 (base 12) to base 15.
-4
-30 (base 4) to base 10
-12
What is -31 (base 16) in base 15?
-34
Convert -3 (base 9) to base 4.
-3
What is -6 (base 9) in base 3?
-20
Convert 0 (base 6) to base 15.
0
What is -2 (base 14) in base 7?
-2
What is 100 (base 2) in base 11?
4
Convert 38 (base 10) to base 13.
2c
What is -331 (base 5) in base 6?
-231
-101 (base 5) to base 2
-11010
Convert 34 (base 10) to base 16.
22
Convert 0 (base 9) to base 14.
0
What is -2323 (base 4) in base 2?
-10111011
What is 4 (base 10) in base 15?
4
What is -10000 (base 2) in base 5?
-31
Convert -203 (base 4) to base 5.
-120
Convert -6 (base 14) to base 5.
-11
-5 (base 12) to base 9
-5
2 (base 7) to base 16
2
What is 7 (base 8) in base 15?
7
What is 203 (base 4) in base 2?
100011
What is 14 (base 13) in base 9?
18
Convert 3 (base 6) to base 15.
3
-5 (base 8) to base 16
-5
-3 (base 7) to base 12
-3
What is -506 (base 7) in base 15?
-11b
Convert -4 (base 14) to base 7.
-4
148 (base 14) to base 12
198
What is -313 (base 7) in base 9?
-184
What is 0 (base 15) in base 8?
0
What is 104 (base 15) in base 16?
e5
Convert -10101011 (base 2) to base 6.
-443
256 (base 7) to base 8
213
-100011 (base 2) to base 15
-25
What is 93 (base 10) in base 2?
1011101
-30 (base 5) to base 16
-f
512 (base 6) to base 3
20222
-5 (base 11) to base 4
-11
What is -1 (base 7) in base 11?
-1
47 (base 10) to base 5
142
-1105 (base 6) to base 2
-100000001
What is 30 (base 9) in base 5?
102
Convert -14 (base 7) to base 11.
-10
-3 (base 5) to base 11
-3
What is 30 (base 6) in base 14?
14
-6 (base 8) to base 2
-110
Convert -133 (base 4) to base 9.
-34
What is -1 (base 16) in base 6?
-1
What is 261 (base 9) in base 4?
3121
Convert -11 (base 10) to base 2.
-1011
331 (base 5) to base 4
1123
-8 (base 11) to base 7
-11
Convert -6 (base 8) to base 7.
-6
Convert -11 (base 4) to base 9.
-5
1000110 (base 2) to base 5
240
-8 (base 11) to base 3
-22
0 (base 5) to base 15
0
What is -26 (base 8) in base 16?
-16
What is 300 (base 6) in base 10?
108
-1 (base 8) to base 2
-1
Convert 4 (base 7) to base 5.
4
59 (base 13) to base 7
134
Convert -2a (base 14) to base 16.
-26
-2 (base 11) to base 6
-2
-1 (base 11) to base 4
-1
-11001 (base 2) to base 6
-41
What is 6e (base 16) in base 7?
215
6 (base 12) to base 16
6
What is 0 (base 15) in base 11?
0
What is -4 (base 13) in base 11?
-4
What is -4 (base 5) in base 10?
-4
What is 2 (base 12) in base 10?
2
What is -103 (base 5) in base 11?
-26
What is -340 (base 8) in base 16?
-e0
What is -3 (base 15) in base 5?
-3
-13 (base 9) to base 2
-1100
What is 6 (base 14) in base 13?
6
11001 (base 2) to base 7
34
Convert 2 (base 7) to base 9.
2
44 (base 6) to base 10
28
Convert 5a (base 15) to base 14.
61
What is -4 (base 10) in base 16?
-4
39 (base 12) to base 9
50
What is 64 (base 11) in base 8?
106
-20 (base 7) to base 6
-22
-4 (base 13) to base 16
-4
What is 53 (base 7) in base 5?
123
10 (base 8) to base 6
12
Convert 0 (base 8) to base 10.
0
What is 42 (base 6) in base 8?
32
Convert 15 (base 16) to base 4.
111
1 (base 4) to base 10
1
What is 6 (base 11) in base 4?
12
What is 0 (base 13) in base 12?
0
What is 0 (base 5) in base 11?
0
93 (base 14) to base 11
108
Convert 2 (base 10) to base 6.
2
2 (base 13) to base 3
2
1d (base 14) to base 9
30
What is 7 (base 13) in base 12?
7
Convert -110111 (base 2) to base 15.
-3a
1e (base 16) to base 6
50
Convert 4 (base 16) to base 10.
4
-65 (base 7) to base 14
-35
-53 (base 7) to base 6
-102
What is -2b (base 16) in base 9?
-47
What is -40 (base 9) in base 16?
-24
Convert -1 (base 4) to base 14.
-1
-102201 (base 3) to base 14
-188
Convert 1 (base 14) to base 10.
1
What is -113 (base 5) in base 13?
-27
Convert 1 (base 8) to base 9.
1
2 (base 4) to base 12
2
-1a (base 16) to base 5
-101
What is 5 (base 8) in base 2?
101
What is -43 (base 10) in base 5?
-133
-18 (base 11) to base 16
-13
-2d (base 16) to base 12
-39
What is 1 (base 13) in base 9?
1
What is 60 (base 12) in base 13?
57
What is 4 (base 6) in base 11?
4
-4 (base 15) to base 3
-11
Convert -11 (base 8) to base 10.
-9
-14 (base 8) to base 7
-15
Convert 3 (base 12) to base 8.
3
What is -10011010 (base 2) in base 14?
-b0
1 (base 12) to base 14
1
11021 (base 3) to base 8
163
-4 (base 7) to base 14
-4
-11101011 (base 2) to base 5
-1420
Convert -1010 (base 3) to base 6.
-50
What is -6 (base 12) in base 9?
-6
Convert 6 (base 10) to base 14.
6
Convert 6 (base 11) to base 5.
11
36 (base 15) to base 12
43
What is -11 (base 4) in base 10?
-5
Convert -22 (base 13) to base 6.
-44
Convert -12 (base 4) to base 9.
-6
21 (base 5) to base 3
102
Convert 36 (base 8) to base 14.
22
Convert -32 (base 5) to base 11.
-16
-1 (base 2) to base 16
-1
What is 2 (base 12) in base 16?
2
Convert -3 (base 9) to base 13.
-3
-46 (base 13) to base 16
-3a
21 (base 11) to base 8
27
-70 (base 8) to base 10
-56
3 (base 5) to base 10
3
20 (base 9) to base 8
22
What is 1 (base 4) in base 16?
1
22 (base 15) to base 2
100000
-16 (base 8) to base 15
-e
What is 1202 (base 3) in base 13?
38
What is 4 (base 10) in base 14?
4
-101 (base 3) to base 8
-12
What is 2314 (base 5) in base 10?
334
Convert -1010101 (base 2) to base 12.
-71
What is 160 (base 12) in base 15?
e6
Convert -11 (base 4) to base 15.
-5
What is 109 (base 14) in base 16?
cd
Convert 0 (base 7) to base 2.
0
-41 (base 6) to base 13
-1c
What is -2d (base 15) in base 16?
-2b
What is 46 (base 7) in base 8?
42
Convert -1013 (base 4) to base 5.
-241
What is 40 (base 10) in base 13?
31
364 (base 7) to base 4
3001
0 (base 14) to base 9
0
0 (base 14) to base 8
0
Convert -122 (base 4) to base 5.
-101
-5 (base 6) to base 3
-12
0 (base 10) to base 11
0
-a (base 15) to base 3
-101
What is -7 (base 10) in base 5?
-12
Convert 100 (base 2) to base 6.
4
What is -8 (base 16) in base 13?
-8
-2 (